{"id":49,"date":"2021-02-28T20:17:37","date_gmt":"2021-02-28T19:17:37","guid":{"rendered":"http:\/\/wse.wsgk.com.pl\/?page_id=49"},"modified":"2025-05-15T16:52:41","modified_gmt":"2025-05-15T14:52:41","slug":"kadra-dydaktyczna","status":"publish","type":"page","link":"https:\/\/wse.wsgk.com.pl\/?page_id=49","title":{"rendered":"Kadra dydaktyczna Wydzia\u0142u Studi\u00f3w Europejskich"},"content":{"rendered":"\t\t<div data-elementor-type=\"wp-page\" data-elementor-id=\"49\" class=\"elementor elementor-49\">\n\t\t\t\t\t\t<section class=\"elementor-section elementor-top-section elementor-element elementor-element-e2eb099 elementor-section-boxed elementor-section-height-default elementor-section-height-default\" data-id=\"e2eb099\" data-element_type=\"section\" data-e-type=\"section\">\n\t\t\t\t\t\t<div class=\"elementor-container elementor-column-gap-default\">\n\t\t\t\t\t<div class=\"elementor-column elementor-col-100 elementor-top-column elementor-element elementor-element-9be9f79\" data-id=\"9be9f79\" data-element_type=\"column\" data-e-type=\"column\">\n\t\t\t<div class=\"elementor-widget-wrap elementor-element-populated\">\n\t\t\t\t\t\t<div class=\"elementor-element elementor-element-632752e elementor-widget elementor-widget-html\" data-id=\"632752e\" data-element_type=\"widget\" data-e-type=\"widget\" data-widget_type=\"html.default\">\n\t\t\t\t<div class=\"elementor-widget-container\">\n\t\t\t\t\t<div style=\"max-width: 900px; margin: 40px auto; font-family: 'Georgia', serif; background-color: #f9fbff; border: 2px solid #003399; border-radius: 12px; padding: 30px; box-shadow: 0 0 12px rgba(0, 51, 153, 0.15);\">\n\n  <h2 style=\"color: #003399; font-size: 26px; text-align: center; margin-bottom: 30px;\">\ud83d\udc69\u200d\ud83c\udf93 KADRA DYDAKTYCZNA WSE<\/h2>\n\n  <!-- Dziekan -->\n  <div style=\"margin-bottom: 30px;\">\n    <h3 style=\"color: #003399; font-size: 22px; margin-bottom: 10px;\">DZIEKAN<\/h3>\n    <p style=\"font-size: 18px; margin-left: 10px;\">Dr hab. Nadija Panczak-Bia\u0142ob\u0142ocka<\/p>\n  <\/div>\n\n  <!-- Wyk\u0142adowcy -->\n  <div>\n    <h3 style=\"color: #003399; font-size: 22px; margin-bottom: 15px;\">WYK\u0141ADOWCY<\/h3>\n    <ul style=\"columns: 2; -webkit-columns: 2; -moz-columns: 2; list-style-type: none; padding-left: 0; font-size: 17px; gap: 15px;\">\n      <li>Prof. dr hab. Anatoliy Romanyuk<\/li>\n      <li>Prof. dr hab. Ihor Hrabynskyy<\/li>\n      <li>Dr hab. Zbigniew Bia\u0142ob\u0142ocki<\/li>\n      <li>Dr Kazimierz Kopczy\u0144ski<\/li>\n      <li>Dr hab. Nadija Panczak-Bia\u0142ob\u0142ocka<\/li>\n      <li>Dr hab. S\u0142awomira Bia\u0142ob\u0142ocka<\/li>\n      <li>Dr hab. Kinga Przybyszewska<\/li>\n      <li>Dr in\u017c. Tomasz Bia\u0142ob\u0142ocki<\/li>\n      <li>Dr hab. Janusz Sobo\u0144<\/li>\n      <li>Dr Rados\u0142aw Grodzki<\/li>\n      <li>Dr Katarzyna Krzywi\u0144ska<\/li>\n      <li>Dr Piotr Olszewski<\/li>\n      <li>Dr Adam Rogala-Lewicki<\/li>\n      <li>Dr Tomasz Kubicki<\/li>\n      <li>Dr Tomasz Suski<\/li>\n      <li>Dr Przemys\u0142aw Wilczy\u0144ski<\/li>\n      <li>Dr Irena Ga\u0142ka<\/li>\n      <li>Dr Zbigniew Bartosiak<\/li>\n      <li>Mgr in\u017c. Sylwia Kubiak<\/li>\n      <li>Mgr Pawe\u0142 Talaga<\/li>\n      <li>Mgr Andrzej Mioduchowski<\/li>\n      <li>Mgr Joanna Burchart-Majkowska<\/li>\n      <li>Mgr Mateusz W\u0142osi\u0144ski<\/li>\n      <li>Mgr Wojciech Szremski<\/li>\n      <li>Mgr Paulina Tomaszewska<\/li>\n    <\/ul>\n  <\/div>\n\n<\/div>\t\t\t\t<\/div>\n\t\t\t\t<\/div>\n\t\t\t\t\t<\/div>\n\t\t<\/div>\n\t\t\t\t\t<\/div>\n\t\t<\/section>\n\t\t\t\t<\/div>\n\t\t","protected":false},"excerpt":{"rendered":"<p>\ud83d\udc69\u200d\ud83c\udf93 KADRA DYDAKTYCZNA WSE DZIEKAN Dr hab. Nadija Panczak-Bia\u0142ob\u0142ocka WYK\u0141ADOWCY Prof. dr hab. Anatoliy Romanyuk Prof. dr hab. Ihor Hrabynskyy Dr hab. Zbigniew Bia\u0142ob\u0142ocki Dr Kazimierz Kopczy\u0144ski Dr hab. Nadija Panczak-Bia\u0142ob\u0142ocka Dr hab. S\u0142awomira Bia\u0142ob\u0142ocka Dr hab. Kinga Przybyszewska Dr in\u017c. Tomasz Bia\u0142ob\u0142ocki Dr hab. Janusz Sobo\u0144 Dr Rados\u0142aw Grodzki Dr Katarzyna Krzywi\u0144ska Dr Piotr&hellip; <br \/> <a class=\"button small blue\" href=\"https:\/\/wse.wsgk.com.pl\/?page_id=49\">Dowiedz si\u0119 wi\u0119cej<\/a><\/p>\n","protected":false},"author":1,"featured_media":0,"parent":0,"menu_order":0,"comment_status":"closed","ping_status":"closed","template":"","meta":{"footnotes":""},"class_list":["post-49","page","type-page","status-publish","hentry"],"jetpack_sharing_enabled":true,"_links":{"self":[{"href":"https:\/\/wse.wsgk.com.pl\/index.php?rest_route=\/wp\/v2\/pages\/49","targetHints":{"allow":["GET"]}}],"collection":[{"href":"https:\/\/wse.wsgk.com.pl\/index.php?rest_route=\/wp\/v2\/pages"}],"about":[{"href":"https:\/\/wse.wsgk.com.pl\/index.php?rest_route=\/wp\/v2\/types\/page"}],"author":[{"embeddable":true,"href":"https:\/\/wse.wsgk.com.pl\/index.php?rest_route=\/wp\/v2\/users\/1"}],"replies":[{"embeddable":true,"href":"https:\/\/wse.wsgk.com.pl\/index.php?rest_route=%2Fwp%2Fv2%2Fcomments&post=49"}],"version-history":[{"count":27,"href":"https:\/\/wse.wsgk.com.pl\/index.php?rest_route=\/wp\/v2\/pages\/49\/revisions"}],"predecessor-version":[{"id":530,"href":"https:\/\/wse.wsgk.com.pl\/index.php?rest_route=\/wp\/v2\/pages\/49\/revisions\/530"}],"wp:attachment":[{"href":"https:\/\/wse.wsgk.com.pl\/index.php?rest_route=%2Fwp%2Fv2%2Fmedia&parent=49"}],"curies":[{"name":"wp","href":"https:\/\/api.w.org\/{rel}","templated":true}]}}